+ v/(-1). Let h(w) = 23*w**3 - 13*w**2 + 85 - 2*w - 84 + 15*w**2. Give h(j).
24
Let m be 221/17 + -34 - -20. Let b(l) = -16*l**2. What is b(m)?
-16
Let w(h) be the first derivative of -44 + 2*h + 3/2*h**2. What is w(4)?
14
Let x(d) = 4*d - 1. Suppose 15*r = r - 1162. Let l = -77 - r. What is x(l)?
23
Let a(z) = -5*z**2 - 152*z + 3910. Let u be a(-47). Let l(t) be the second derivative of -t**3/3 - t. Determine l(u).
-18
Suppose 2*h + 0*h - 5*j - 4 = 0, -h + 2 = 4*j. Let n(v) be the first derivative of 3*v**4/4 - v**3 + 2*v**2 - 3*v + 147. Calculate n(h).
17
Let z(m) = 4*m + 880 + 973 - 1889. What is z(3)?
-24
Let s(d) be the second derivative of -7/6*d**3 + 1/2*d**2 + 0 - 25*d. Suppose -25 = -4*l - 5*m + 4, 3*m = -2*l + 17. Calculate s(l).
-6
Let q = 1 + 9. Let w be 8/(-2) + 5 - q. Let a be 3/w*(5 + -17). Let p(o) = -o**2 + o + 2. Give p(a).
-10
Let q(o) = 5*o + 186. Let t be (-154)/4 - 85/(-170). Determine q(t).
-4
Let s(u) = -u - 1. Suppose 51 = 10*j - 29. Let p = 11 - j. Determine s(p).
-4
Let i(j) be the second derivative of 5*j**4/12 + 2*j**3/3 + 3*j**2/2 - 5*j + 4. Give i(-1).
4
Let x(v) = -9*v + 390. Suppose -4*h - 16 = 0, -3*g + h + 19 = -114. What is x(g)?
3
Let a be (-10)/4*1*2. Let i(d) be the second derivative of -1/3*d**4 - 16*d - 2*d**2 + 1/2*d**3 + 2 - 1/20*d**5. What is i(a)?
6
Let t(q) = 3*q + 14. Let z(n) = 2*n**2 + n - 32. Let y be z(-4). Let i(k) = 5*k + 26. Let w(u) = y*i(u) + 7*t(u). Calculate w(-5).
-11
Let t(u) = -20*u + 999. Let v(i) = 30*i - 1409. Let a(h) = -7*t(h) - 5*v(h). Calculate a(-5).
102
Let w be 2/(-3) - 22/(-6). Let k(m) = 19*m**3 + 12*m**2 - 8*m + 3. Let i(q) = 7*q**3 + 4*q**2 - 3*q + 1. Let t(g) = -11*i(g) + 4*k(g). Determine t(w).
13
Let j(v) = -11*v**2 + v + 8. Let m(d) = -38*d**2 + 2*d + 27. Let h(r) = 7*j(r) - 2*m(r). Give h(4).
-2
Let q(h) = 4*h**2 + 10*h + 4. Let k be q(-2). Suppose 0 = 11*t - 11 - 11. Let u(b) = 204 - 2*b**t + 2*b**2 - 212 - b**3. Give u(k).
-8
Let v(j) = 9*j + 8. Let r be v(-1). Let y(q) = 23*q + 19. Calculate y(r).
-4
Let d be ((2/36)/((-68)/(-408)))/((-1)/(-6)). Let a be (-16)/(-10) - 4/(-10). Let f(r) = 0*r + 12 - 9*r + a*r - 14*r**d - 5*r - r**3. What is f(-13)?
-1
Let s(z) = -27*z - 1. Suppose 1 = -4*l - h, -13*l + 9*l = -5*h - 29. Determine s(l).
-28
Suppose -4*j = -7*j + 15. Let w(g) = -3*g - 5. Let y(z) be the third derivative of z**4/6 + z**3 + 4*z**2. Let d(u) = j*w(u) + 4*y(u). What is d(-4)?
-5
Let s(v) = -95*v + 24. Let w(j) = 436*j - 109. Let n(b) = 23*s(b) + 5*w(b). Give n(3).
-8
Let s(n) = 2*n + 1. Suppose 11*d = 5*r + 16*d + 40, 4*d = r - 12. Let m be (3 + r)*(5 - 6). What is s(m)?
3
Let t(k) be the second derivative of -k**4/12 + 7*k**3/6 - 2*k**2 + 45069*k. Suppose 3*n = 9 + 9. Calculate t(n).
2
Let v = -4505 + 4502. Let k(x) = -x + 7. Give k(v).
10
Let h(m) = -38*m - 6. Suppose 0 = -4*a - 2*k - 66, -3*a - 24 = -k + 23. Let p(f) = -12*f - 2. Let j(l) = a*p(l) + 5*h(l). What is j(-6)?
-10
Let l(c) be the first derivative of -171*c**2/2 - 1365*c - 1985. Give l(-8).
3
Let p(v) be the first derivative of 4*v**2 + 8*v + 778. Let q(f) = 3*f + 3. Suppose -2*s - 53 = -19. Let d(t) = s*q(t) + 6*p(t). Give d(3).
-12
Let f(q) = -q**3 + 112*q**2 - 324*q - 310. Let x be f(109). Let s(n) = n**3 - 18*n**2 + 15*n + 12. Determine s(x).
-22
Let c be (1 - -2) + (0 + -1)*1. Suppose 0 = -c*u - 0 + 12. Let r(f) = 14*f**2 + 0*f - u*f + 12*f - 7*f. Determine r(1).
13
Let q(k) = 5*k + 53. Let d(h) = -27*h - 272. Let f(y) = -2*d(y) - 11*q(y). Determine f(-13).
-26
Let o(l) = 7*l + 13. Let f(c) = -67*c + 65. Let m be f(1). What is o(m)?
-1
Let f(d) = 9*d**2 - 17*d - 9. Let q be f(4). Let o(c) = 2*c**2 - 25 - q*c + 25 + 69*c. What is o(-2)?
4
Let t(h) be the first derivative of -5 + 0*h + 1/6*h**4 + 1/30*h**5 - 4*h**3 + 0*h**2. Let j(z) be the third derivative of t(z). Determine j(-3).
-8
Let s(o) = 12*o**2 + 97*o + 4. Let g be s(-8). Let d(b) = -2*b**2 - 2*b + 4. Determine d(g).
-20
Suppose 8*f - 11621 = -11661. Let p(w) = -w**3 - 6*w**2 - 6*w - 3. What is p(f)?
2
Let s(a) = -3*a**2 - 1 - a - 2 + 5*a**2. Suppose -p = 9*p - 20. Suppose -p*w + 4*l = 5*l - 3, 5*w = -3*l + 6. What is s(w)?
12
Suppose 782 = 4*v + q, -594 = -6*v + 3*v + 3*q. Let h = -207 + v. Let p(n) = -n**3 - 12*n**2 - 11*n - 5. What is p(h)?
-5
Let f(q) be the third derivative of 0 - 1/24*q**4 + 9*q - 1/6*q**3 - 3*q**2 + 1/60*q**5 - 1/40*q**6. Determine f(-1).
4
Let p(v) = -v**3 - 3*v**2 + 2*v + 6. Suppose 2*s - 2*f + 14 = 0, -7*f + 36 = -s - 13. Determine p(s).
6
Let q(b) = 2*b + 9. Let r(w) = -w - 27. Let f(x) = x**3 - 11*x**2 + 3*x + 3. Let d be f(11). Suppose -d*t + 40*t = -76. Let u be r(t). What is q(u)?
-7
Let g(j) = -53*j**3 + 62*j**2 + 28*j - 60. Let f(s) = -15*s**3 + 20*s**2 + 10*s - 20. Let n(b) = 7*f(b) - 2*g(b). Determine n(-15).
-5
Let t(r) be the first derivative of 12*r**2 + 1536*r - 5034. Determine t(-64).
0
Let j(z) = 19*z + 7*z**2 + 57 - 3*z**2 - 3*z**2 - 4*z. Determine j(-7).
1
Let p(h) = 2*h - 1. Let j = -15 - -8. Let o = 1256 - 1252. Let y(a) = a. Let q(v) = j*y(v) + o*p(v). Give q(5).
1
Let b(j) = j**3 - 7*j**2 + 6*j - 5. Let r be (-6370)/(-588) - 5/6. Let t be 8 + r/((-35)/7). What is b(t)?
-5
Let o(u) = 31*u + 221. Let q be o(-7). Let g(b) = -b + 0 + b**2 + 1 - 2*b. Determine g(q).
5
Let h(z) = -2*z + 29. Let n(f) = 171*f + 1900. Let o be n(-11). Give h(o).
-9
Let t(u) = -u**3 + 8*u**2 + 3*u - 20. Let y be t(8). Let x be -4 + (0/y - -2) + 1. Let b(v) be the third derivative of -7*v**4/24 - v**3/6 - 2*v**2. Give b(x).
6
Let w(b) = -b**3. Let d = 5 - 5. Let r be w(d). Let j(u) = 2 + 12 + 2*u - 5*u - 10 + 2*u. Give j(r).
4
Let n = -240 + 205. Let t(i) = i**3 + 36*i**2 + 36*i + 32. Let v be t(n). Let l(d) = -d**3 - 3*d**2 + 2*d + 1. Determine l(v).
-5
Let i(s) = 23*s**2 - 12*s**2 + s**3 - 11*s**2 - s. Let k(f) = 3*f**3 - 8*f**2 + 4*f + 3. Let g(m) = 2*i(m) - k(m). Determine g(7).
4
Let j(c) be the third derivative of c**7/5040 - c**6/240 - c**5/30 - 16*c**3/3 + 182*c**2. Let h(s) be the third derivative of j(s). Determine h(4).
1
Let g = -229 - -262. Suppose -3*j = -j - 2*y - 14, 5*j - 3*y = g. Let u(m) = -m + 8. Determine u(j).
2
Let z(p) = -14*p - 14*p + 22007*p**3 + 16*p**2 - 22008*p**3. Calculate z(14).
0
Let w = -594 + 582. Let f be w/114 + (-135)/(-19). Let i(m) be the third derivative of -m**4/24 + 3*m**3/2 - 2*m**2. Determine i(f).
2
Suppose -3 = -2*w + 3. Suppose 5 = -w*x - 13. Let b(a) = -a**3 - 6*a**2 - 2*a - 2. Give b(x).
10
Let g(f) = 3*f**2 + 43*f + 9. Let k(i) = -2*i**2 - 28*i - 6. Suppose -n - 28 = -5*q, -5*n = -3*q + 13 + 17. Let o(r) = q*g(r) + 8*k(r). Calculate o(-7).
11
Let v = 23 - 16. Suppose -5*p - 2*m + 24 = 0, -2*p + 34 - v = -5*m. Suppose 5 - p = -i. Let j(s) = 13*s**2 + 1. Determine j(i).
14
Let q(c) = -c**2 - 10*c - 2. Let v = 183 + -185. Let b be 1512/(-162) + v*(-1)/(-3). Calculate q(b).
-2
Let v(w) = 2*w**3 - 5*w**2 + 3*w - 3. Suppose 0 = -2*i - 3*k + 149 - 151, 0 = 5*i + k - 8. What is v(i)?
-1
Suppose -7 = -4*y - 4*z + 21, -4*y + 3*z = 0. Let p(d) be the second derivative of d**y + 3/2*d**2 - d + 0 + 1/12*d**4. Give p(-4).
-5
Let d(h) = 3*h + 3. Let k(z) = 8*z - 3*z**2 + 47 - 57 + 5*z. Let b be k(4). Give d(b).
-15
Let v(p) be the first derivative of -4*p**3/3 - 8*p + 895. Calculate v(2).
-24
Let z(q) = 15*q**3 + 15*q**2 + 8*q - 22. Let r(f) = 34*f**3 + 32*f**2 + 15*f - 43. Let w(k) = 4*r(k) - 9*z(k). Calculate w(8).
-6
Let h(b) = -5*b**3 + 58*b**2 - 258*b + 4. Let q(a) = 4*a**3 - 54*a**2 + 255*a - 3. Let o(f) = 5*h(f) + 6*q(f). Calculate o(-40).
2
Let c(g) be the second derivative of g**6/720 + 13*g**5/120 + g**4/6 + 35*g**2/2 - 95*g. Let x(m) be the third derivative of c(m). Give x(-11).
2
Let l(w) = 4*w**3 + 23*w + 195. Let a(c) = c**3 + c**2 + c + 35. Let j(o) = -5*a(o) + l(o). What is j(-7)?
-8
Let w(u) = -9*u - 17. Let s(q) = -q - 6. Let y(k) = -3*s(k) + w(k). Determine y(-2).
13
Let h(k) = k + 25. Let a be h(0). Suppose -59*x + 55*x - 12 = 4*w, -2*x + 15 = -5*w. Suppose -5*y = a - x. Let m(q) = 5*q + 5. Give m(y).
-20
Let h = -291 - -297. Let d(t) = 0*t + 15*t**3 + 6*t**2 + 7 - 16*t**3 + h*t + 2. Determine d(7).
2
Let h be 0/(-1 + (1 - 1)). Let d(t) = -4 - 2*t + 3*t + h*t + 0*t. Let u = 13995 - 13995. Give d(u).
-4
Let r(v) = v**2 + 9*v + 11. Suppose 5*a + 60 